 = -0. Suppose -x*m + 0*m - 2*u + 3048 = 0, 5*m - 3828 = 2*u. What are the prime factors of m?
2, 191
List the prime factors of 18*9/(-27) - (2 - 40).
2
Let z be 2/7 - (-160)/28. Suppose 4*w = -2*w - 456. Let k = z - w. List the prime factors of k.
2, 41
Suppose 887*p + 21680 = 895*p. What are the prime factors of p?
2, 5, 271
List the prime factors of 16752 - -2*((-11)/(-30) + 30/225).
11, 1523
Let x(v) = 192*v - 395. What are the prime factors of x(15)?
5, 7, 71
Let s(w) = 587*w**3 - 14*w**2 + 4*w - 19. What are the prime factors of s(3)?
2, 3929
Let x(u) be the second derivative of -2*u**3/3 - 8*u**2 - 25*u. Let b = -23 - -13. List the prime factors of x(b).
2, 3
Suppose 4*o = -s + 264 + 350, 0 = 3*o - 3*s - 453. Let i = o + 328. What are the prime factors of i?
13, 37
Let j(i) = 56*i + 2573. List the prime factors of j(45).
11, 463
Let j be -128*2/18 - (-12)/54. Let b(a) = -a**3 + 14*a**2 + 9*a - 8. Let m(r) = r**2 + r - 1. Let u(q) = j*m(q) + 2*b(q). List the prime factors of u(6).
2, 47
Let r(q) = q**3 - 30*q**2 + 29*q - 60. Let n be r(29). List the prime factors of (-52944)/n + (-6)/(-10).
883
Suppose -20*v = 24*v - 48*v + 32780. List the prime factors of v.
5, 11, 149
Let r be 0 - 256/(-10) - 424/(-1060). Suppose -r*k + 51360 = 4*k. List the prime factors of k.
2, 107
List the prime factors of ((-78)/(-42))/(-13) + (333108/(-21))/(-2).
7, 11, 103
Suppose -3*s + 43418 = f + 4911, -5*f + 192555 = 5*s. List the prime factors of f.
19, 2027
Let q be (21/(-2) - -9) + 1/2. What are the prime factors of (-4 - (-2 + -1))*(q - 130)?
131
List the prime factors of (-561)/68 - -9 - (0 + 196314/(-8)).
2, 3, 5, 409
Let n(f) = f**3 - 16*f**2 - 4*f + 23. Let t be n(17). Let j = -10 - -12. Suppose -j*d - 3*d = -4*z + t, 0 = 2*z + 3*d - 144. What are the prime factors of z?
2, 3, 11
Let h be (-10)/2*5238/45. Let l = -308 - h. What are the prime factors of l?
2, 137
Suppose -h + 4*q + 248 = 3*h, 0 = -3*q + 6. Let v = -90 + h. Let u = v + 48. List the prime factors of u.
2, 11
Let p be 8/28 - (0 + 12788/(-28)). Suppose 6*j - 1679 = p. List the prime factors of j.
2, 89
Let b(u) = 175*u**3 + 3*u**2. Let i be b(-1). Let a = i - -540. List the prime factors of a.
2, 23
Suppose -y = 5*s + 4*y - 2025, 1580 = 4*s - 4*y. Suppose 0 = 4*p + 4*z - s, p - 8 = -4*z + 98. Let n = 6 + p. List the prime factors of n.
2, 13
Let s be -9 + 5 - -3*3. Suppose -d + 9*y = s*y - 22, -5*y + 83 = 2*d. What are the prime factors of d?
2, 17
Suppose 3*j + 129 = 6*j. Let m = j - -344. What are the prime factors of m?
3, 43
Let q = 56 + -32. Let t be 2*2*156/q. Let f = 127 - t. List the prime factors of f.
101
Let j = 1616 + -675. Let l = j - 473. Suppose 9*v = 12*v - l. List the prime factors of v.
2, 3, 13
Let l be 2/(-4) - 8/(-48)*123. What are the prime factors of (-6)/((l/54)/(-10))?
2, 3
Suppose 0 = -59*g + 65*g - 18. Suppose 0 = -3*q + 8*q - g*r - 323, 3*q = -4*r + 217. What are the prime factors of q?
67
Suppose -2385*d + 2497*d - 404432 = 0. What are the prime factors of d?
23, 157
Let q = 59 - 60. Let m be -1 + 2 - q/(1 + -2). Suppose m = 2*n - 46 - 28. List the prime factors of n.
37
Let i = 1058 + -743. Suppose -300*x + i*x - 7200 = 0. List the prime factors of x.
2, 3, 5
Suppose -2*r - 10*r = r. Suppose r = -5*i + 3*t + 10455, 0 = 4*i + t - 2*t - 8364. List the prime factors of i.
3, 17, 41
Let q = 16668 - -147. What are the prime factors of q?
3, 5, 19, 59
Let x be 11 - 6*(-1)/(-2). Suppose -m - 2*c = -631, -x*m + 10*m - 1226 = 5*c. What are the prime factors of m?
7, 89
Suppose 46*a + 32 + 198 = 0. Let p = 1008 - 717. Let n = a + p. List the prime factors of n.
2, 11, 13
Suppose 103788 = -74*v + 78*v. List the prime factors of v.
3, 31
Let b be (-12061)/35 + 2/(-5). Let a = b - -683. List the prime factors of a.
2, 13
Suppose -2*h + 2*v = 1508 + 1244, 0 = h - 3*v + 1368. Let n = h - -2208. What are the prime factors of n?
2, 3, 23
List the prime factors of 544/(-136) - (-1756)/2.
2, 19, 23
Let p(o) = -20*o + 105. Let v be p(5). Suppose v*c + 5*y - 695 = 0, c - 3 = 5*y + 124. What are the prime factors of c?
137
Let q(o) be the second derivative of -o**4/12 - 13*o**3/3 - 11*o**2 + 25*o. Let y = 41 + -58. What are the prime factors of q(y)?
131
List the prime factors of ((-4524)/(-21))/(114/2793).
2, 7, 13, 29
Let p be 3/(-5) + -1 + 708/30. List the prime factors of (-55)/(-10)*(-11)/(p/(-276)).
3, 11, 23
Suppose -108 = 4*o - 0*o. Let z be 16/(-8) - (o - -1). List the prime factors of ((-102)/4)/(z/(-64)).
2, 17
Suppose -9*k = -5*k + 408. Let a = -100 - k. Suppose 3*b = -a*o + 381, 443 = 3*b - o + 53. What are the prime factors of b?
3, 43
Suppose 0 = -3*a + 4255 - 337. Let g = a - 383. List the prime factors of g.
13, 71
Let n be -1879 + -2 - (11 - 9). What are the prime factors of 3/(-12) - n/28?
67
Suppose -74*j = -830726 + 212176 - 301640. What are the prime factors of j?
3, 5, 829
List the prime factors of (-6582 - 1)/(-7 + 6 - 0).
29, 227
Suppose o - 2*h = -2*o + 52, -2*h = -o + 20. Suppose 2*g - 2 = -2*x + 2, 5*x = -3*g + o. Suppose -2*q + 370 = 2*j + 2*q, x*q = 0. List the prime factors of j.
5, 37
Let u(n) = -373*n + 10691. List the prime factors of u(-58).
3, 5, 431
Let z(w) = 89*w**2 - 24*w + 5. Let o be z(4). Let u = o + -747. List the prime factors of u.
2, 293
Let k = 40 + -38. Suppose 10*p + k*p = 5700. What are the prime factors of p?
5, 19
Suppose -4*s - r + 61609 = 0, 15396 = -361*s + 362*s - r. List the prime factors of s.
15401
Let a = 222 + -100. Let u = a - 117. What are the prime factors of u?
5
Let r(d) = 275*d - 3857. List the prime factors of r(62).
79, 167
Let x = -18 + 23. Suppose p = 3*g - 3755, -2*g + x*p - 10*p + 2509 = 0. List the prime factors of g.
2, 313
Let b(s) = 428*s**2 + 3*s - 2. List the prime factors of b(-5).
3, 1187
Let u(p) = -p**2 - 19*p - 55. Let d be u(-4). Suppose d*q - 19*q + 7602 = 0. What are the prime factors of q?
3, 181
Suppose -5*i = -4*m + 2*m - 40332, -i + 8046 = 3*m. What are the prime factors of i?
2, 3, 7
Suppose -382050 - 300068 = -36*f + 241678. What are the prime factors of f?
67, 383
Suppose 79575*r - 79567*r = 14672. What are the prime factors of r?
2, 7, 131
Suppose 5*d = 6 - 21. Let n = 134 + d. List the prime factors of n.
131
Let f = 14354 - 135. What are the prime factors of f?
59, 241
Let x(r) = 2*r**2 - 21*r + 11. Let y be x(8). Let q = y + 447. What are the prime factors of q?
2, 11, 19
Suppose 2*z = -25*z + 10341. Suppose 3*a + 0*q - 1104 = -3*q, -z = -a - 4*q. What are the prime factors of a?
3, 11
Let l be 176/(-55) + (-12)/15. What are the prime factors of l/30 - -182*93/45?
2, 47
Let k = 30 + -29. Let x be (-348)/(-8) - k/2. Let d = x + 6. List the prime factors of d.
7
Let b(x) = 125*x**3 + 4*x**2 + 105*x - 310. List the prime factors of b(3).
2, 7, 61
Suppose 7*r - 3*r - 12 = 0. Let j(x) = 0 + 46*x - 3 + 1 + r. What are the prime factors of j(2)?
3, 31
Let f(p) = 2*p + 73. Let i(g) = g**2 - 7*g - 18. Let j be (15/(-6) - -2)*-18. Let q be i(j). List the prime factors of f(q).
73
Suppose 3*x + 16 = -5*v, 43 - 12 = 2*x - 5*v. Suppose 3*m = -t + 1, -x*m - 3*t - 12 = -3. What are the prime factors of (5/(-2))/(m/(-52))?
5, 13
Let t = -3 - -5. Suppose 3*g + 19 = 4*k, 272*k - 274*k - 1 = -5*g. Suppose 2*s + 4*u = s + k, -4*s + t*u = -82. What are the prime factors of s?
19
Let t be (-246)/15*(-10)/4. Suppose c + 5*b - 150 = -58, -4*b - 295 = -3*c. Let s = c - t. What are the prime factors of s?
2, 7
Suppose -58 = 2*l - 58. Suppose l = -5*i + k - 0*k - 755, 0 = k + 5. What are the prime factors of i/(-1) - (-2 - -7)?
3, 7
Suppose 52*i = 137*i - 3664180. What are the prime factors of i?
2, 13, 829
Suppose -5*t + 3*d = -4*t - 16, -3*t + 24 = -3*d. Suppose -g - 3*g + 3*j = 96, -24 = g + t*j. List the prime factors of 4/g + 1443/18.
2, 5
Suppose -332*x = 78*x - 8212429 - 15989461. List the prime factors of x.
59029
Suppose 35*t - 40*t + 15 = 0. Suppose -2*j - r + 859 = 0, 2161 = 8*j - t*j - 2*r. What are the prime factors of j?
431
Let o(t) = 157*t**2 - 42*t + 257. What are the prime factors of o(7)?
2, 3, 11, 29
Let i = -69 - -77. List the prime factors of i/16*1372/2.
7
Let l = 1863 - -995. What are the prime factors of l?
2, 1429
Let p(d) = 49*d**2 + 9*d - 17. Let z be p(3). What are the prime f